 2575489.
7, 52561
List the prime factors of 465699.
3, 13, 11941
List the prime factors of 3481325.
5, 131, 1063
What are the prime factors of 351923?
11, 13, 23, 107
List the prime factors of 588387.
3, 17, 83, 139
What are the prime factors of 13878363?
3, 4626121
List the prime factors of 243133.
11, 23, 31
List the prime factors of 455639.
19, 23981
What are the prime factors of 7581921?
3, 67, 563
List the prime factors of 161148.
2, 3, 13, 1033
List the prime factors of 6736.
2, 421
List the prime factors of 9135301.
7, 23, 2467
List the prime factors of 2863879.
2863879
What are the prime factors of 1530340?
2, 5, 7, 17, 643
List the prime factors of 837033.
3, 59, 4729
What are the prime factors of 681770?
2, 5, 79, 863
What are the prime factors of 1810704?
2, 3, 7, 17, 317
List the prime factors of 35145.
3, 5, 11, 71
What are the prime factors of 926328?
2, 3, 13, 2969
List the prime factors of 14096882.
2, 7048441
What are the prime factors of 29287?
29287
List the prime factors of 607513.
353, 1721
List the prime factors of 499162.
2, 31, 83, 97
What are the prime factors of 241918?
2, 29, 43, 97
List the prime factors of 25563228.
2, 3, 2130269
What are the prime factors of 5421929?
17, 73, 257
List the prime factors of 3637145.
5, 311, 2339
List the prime factors of 1964987.
1964987
List the prime factors of 44777.
44777
What are the prime factors of 6142029?
3, 61, 33563
What are the prime factors of 182062?
2, 29, 43, 73
List the prime factors of 220398.
2, 3, 109, 337
What are the prime factors of 91387?
91387
What are the prime factors of 4034681?
7, 31, 18593
What are the prime factors of 9458169?
3, 7, 233, 1933
List the prime factors of 488842.
2, 23, 10627
List the prime factors of 253935.
3, 5, 11, 19
List the prime factors of 574040.
2, 5, 113, 127
List the prime factors of 265332.
2, 3, 22111
What are the prime factors of 18471622?
2, 13, 17, 23, 79
What are the prime factors of 40867?
40867
List the prime factors of 16793731.
3617, 4643
List the prime factors of 2059124.
2, 37, 13913
List the prime factors of 679703.
73, 9311
List the prime factors of 1178165.
5, 101, 2333
List the prime factors of 81179.
7, 11597
What are the prime factors of 3921420?
2, 3, 5, 65357
List the prime factors of 576621.
3, 79, 811
What are the prime factors of 457477?
43, 10639
What are the prime factors of 1285657?
29, 43, 1031
List the prime factors of 3501693.
3, 13, 173
List the prime factors of 2846041.
11, 43, 547
What are the prime factors of 2141572?
2, 43, 12451
What are the prime factors of 5161706?
2, 11, 23, 101
What are the prime factors of 2660280?
2, 3, 5, 7, 3167
List the prime factors of 2301996.
2, 3, 191833
What are the prime factors of 3733954?
2, 7, 266711
List the prime factors of 510904.
2, 63863
List the prime factors of 1165739.
1165739
What are the prime factors of 7119262?
2, 19, 187349
List the prime factors of 15719.
11, 1429
List the prime factors of 29741104.
2, 1858819
List the prime factors of 1316330.
2, 5, 139, 947
List the prime factors of 1226010.
2, 3, 5, 40867
What are the prime factors of 23595533?
13, 107, 16963
List the prime factors of 168754.
2, 84377
List the prime factors of 2762290.
2, 5, 276229
What are the prime factors of 16134145?
5, 3226829
What are the prime factors of 1636420?
2, 5, 17, 4813
List the prime factors of 2779209.
3, 308801
List the prime factors of 1175320.
2, 5, 29383
What are the prime factors of 793147?
113, 7019
What are the prime factors of 578324?
2, 163, 887
List the prime factors of 513278.
2, 256639
What are the prime factors of 575529?
3, 19, 23, 439
List the prime factors of 2798229.
3, 7, 227, 587
List the prime factors of 146338.
2, 19, 3851
List the prime factors of 97226.
2, 173, 281
List the prime factors of 18005.
5, 13, 277
List the prime factors of 6068986.
2, 7, 11, 39409
What are the prime factors of 211291?
211291
List the prime factors of 131407.
331, 397
List the prime factors of 6821629.
6821629
List the prime factors of 25016298.
2, 3, 79, 89, 593
What are the prime factors of 1476402?
2, 3, 103, 2389
List the prime factors of 4503696.
2, 3, 93827
What are the prime factors of 382117?
382117
What are the prime factors of 1765374?
2, 3, 13, 1741
What are the prime factors of 3837078?
2, 3, 7, 10151
What are the prime factors of 7366136?
2, 223, 4129
List the prime factors of 4082583.
3, 1360861
List the prime factors of 24791501.
7, 505949
List the prime factors of 49052.
2, 12263
List the prime factors of 990482.
2, 495241
What are the prime factors of 31014?
2, 3, 1723
List the prime factors of 12078888.
2, 3, 503287
What are the prime factors of 12590419?
12590419
What are the prime factors of 407582?
2, 7, 4159
What are the prime factors of 66294?
2, 3, 29, 127
What are the prime factors of 137973?
3, 11, 37, 113
What are the prime factors of 156358?
2, 78179
What are the prime factors of 13605170?
2, 5, 1360517
List the prime factors of 791528.
2, 163, 607
List the prime factors of 201776.
2, 12611
What are the prime factors of 611661?
3, 31, 6577
What are the prime factors of 2893195?
5, 419, 1381
What are the prime factors of 135231?
3, 45077
List the prime factors of 376823.
376823
What are the prime factors of 3437334?
2, 3, 43, 4441
List the prime factors of 3117023.
7, 13, 34253
What are the prime factors of 10899930?
2, 3, 5, 23, 15797
What are the prime factors of 8193290?
2, 5, 7, 23, 727
List the prime factors of 3149384.
2, 7, 56239
What are the prime factors of 137114?
2, 179, 383
What are the prime factors of 2981791?
353, 8447
List the prime factors of 20672446.
2, 23, 41, 97, 113
List the prime factors of 16418335.
5, 113, 29059
What are the prime factors of 3081844?
2, 53, 14537
What are the prime factors of 2943198?
2, 3, 113, 1447
What are the prime factors of 7849870?
2, 5, 7, 127, 883
List the prime factors of 611480.
2, 5, 15287
What are the prime factors of 609782?
2, 509, 599
What are the prime factors of 26325?
3, 5, 13
List the prime factors of 1363941.
3, 151549
List the prime factors of 15055017.
3, 379, 13241
What are the prime factors of 17126795?
5, 7, 489337
List the prime factors of 2506690.
2, 5, 439, 571
What are the prime factors of 165884?
2, 113, 367
List the prime factors of 8565.
3, 5, 571
List the prime factors of 7076313.
3, 41, 127, 151
What are the prime factors of 107361?
3, 79, 151
List the prime factors of 665071.
11, 103, 587
What are the prime factors of 247918?
2, 11, 59, 191
List the prime factors of 48874.
2, 7, 3491
List the prime factors of 407353.
23, 89, 199
What are the prime factors of 737863?
7, 23, 4583
List the prime factors of 250588.
2, 13, 61, 79
What are the prime factors of 652598?
2, 283, 1153
List the prime factors of 23957842.
2, 11978921
What are the prime factors of 1358426?
2, 23, 29531
What are the prime factors of 2151295?
5, 430259
What are the prime factors of 395264?
2, 193
What are the prime factors of 2337089?
2337089
What are the prime factors of 1677132?
2, 3, 53, 293
What are the prime factors of 1970550?
2, 3, 5, 29, 151
List the prime factors of 1148006.
2, 574003
List the prime factors of 13265458.
2, 19, 31, 11261
What are the prime factors of 4138016?
2, 129313
What are the prime factors of 29684810?
2, 5, 263, 11287
What are the prime factors of 4038853?
7, 13, 44383
What are the prime factors of 1118162?
2, 559081
List the prime factors of 106340.
2, 5, 13, 409
What are the prime factors of 17657580?
2, 3, 5, 294293
List the prime factors of 348031.
348031
What are the prime factors of 21680358?
2, 3, 7, 516199
List the prime factors of 230647.
230647
What are the prime factors of 1017391?
1017391
List the prime factors of 249705.
3, 5, 31, 179
What are the prime factors of 4966636?
2, 1241659
What are the prime factors of 1194767?
7, 37, 659
List the prime factors of 2057641.
919, 2239
What are the prime factors of 545488?
2, 103, 331
List the prime factors of 998037.
3, 173, 641
List the prime factors of 231531.
3, 71, 1087
List the prime factors of 1227564.
2, 3, 13, 43, 61
What are the prime factors of 34765?
5, 17, 409
List the prime factors of 6694177.
7, 956311
What are the prime factors of 5897?
5897
What are the prime factors of 62228?
2, 4